e 3*g - 12 = c*g + 4*h, -2*g + 16 = -4*h. List the prime factors of g.
2
Suppose 2*x = -2*y - 1 + 19, y = -4*x - 3. Let g = 37 - y. Suppose -5*s + g = 4. What are the prime factors of s?
2
Let b(t) be the first derivative of t**3/3 + 3*t**2/2 + 1. Let g be b(-4). Suppose 0 = 4*n + 8, 3*m - 11 = -3*n + g. List the prime factors of m.
7
Let b(t) = t**3 + 7*t**2 - 2*t - 2. Let m be b(-6). Suppose 3*y = y + m. List the prime factors of y.
23
Let v(k) = 2*k + 4. Let j be v(-4). Let n be (-1)/(-1) + (-2 - j). Suppose h - 22 = 3*s, -h - 3*s = -n*h + 29. List the prime factors of h.
7
Let d be (-1)/(90/93 + -1). Suppose d = -m + 6. List the prime factors of (-140)/m - 2/(-5).
2, 3
Suppose -6*d - 18 + 300 = 0. What are the prime factors of d?
47
Let d(b) = 2*b**3 + 19*b**2 + 4*b - 4. What are the prime factors of d(-8)?
2, 3, 13
Let w(c) be the first derivative of c**4/2 - 2*c**3/3 + c**2/2 + 3. What are the prime factors of w(2)?
2, 5
Let g(k) = -k**3 + 9*k**2 - 7*k - 3. Let h be g(8). Suppose 0 = -5*p + 2*i + 40, -p + 3*p - 5*i = -h. List the prime factors of p.
2, 5
What are the prime factors of (6/4)/(-1)*18*-1?
3
Suppose 4*n + 34 = q + 295, 103 = 2*n + 5*q. What are the prime factors of n?
2
Let d(p) = p**3 - p**2 - 4*p + 72. List the prime factors of d(0).
2, 3
Let f(b) = 3*b**3 - 3*b**2 - 17*b + 7. List the prime factors of f(5).
2, 3, 37
Suppose 3*k - 7*k = 60. Let v be 18*2/((-12)/k). Suppose -f + v = 4*f. List the prime factors of f.
3
Let b = -205 - -318. List the prime factors of b.
113
List the prime factors of 3 - 69/21 - (-8156)/28.
3, 97
Suppose -t - 84 + 201 = 0. What are the prime factors of t?
3, 13
Let b(x) = -x**2 + 7 + 3*x + 2*x**2 + 5*x. Let v be b(-6). List the prime factors of 2/v - (-108)/20.
5
Let h(m) = 2*m - 2. Let x be h(5). Let w(z) = 3*z + 5. What are the prime factors of w(x)?
29
Suppose 0 = 4*t - 2*t - 4. Suppose 11 + 0 = t*u + c, 4*u + c = 25. What are the prime factors of (u - 2)*(3 - 2)?
5
Suppose -7*b - 16 = -5*b. Let z = -5 - b. List the prime factors of z.
3
Suppose 0 = -3*x - w + 100, 5*x - 5*w = 2*x + 112. What are the prime factors of x?
2, 17
Let n(r) be the second derivative of r**5/20 - r**4/3 - r**3/3 + 2*r**2 + 3*r. List the prime factors of n(5).
19
Let s(r) = r**3 - 22*r**2 + 6*r - 7. What are the prime factors of s(22)?
5
Let v(r) = 10 - 9 + 9 + 17 + r. What are the prime factors of v(0)?
3
Suppose 5*z - n - 18 = 0, -z + 1 = -2*n - 8. Suppose 0 = -2*i - z*t + 2*t + 48, -5*i = -5*t - 120. List the prime factors of i.
2, 3
Suppose -3*c + 63 = -3. What are the prime factors of c?
2, 11
Suppose -5*t + 10 = -15. Suppose -t*a + 37 - 2 = 0. Let r = a - 4. List the prime factors of r.
3
Let s = 8 + -6. Suppose 5*j + 0*u = -s*u + 5, 2*u + 1 = j. What are the prime factors of j/(-3) - 13/(-3)?
2
Let j = 77 + -55. What are the prime factors of j?
2, 11
Suppose -n = -5*y + 163, -n = -5*y - 6*n + 145. Let m = 65 - y. What are the prime factors of m?
3, 11
Let u be (-4*1)/(-2) - -2. Suppose -24 = -u*s + 64. What are the prime factors of s?
2, 11
Suppose i + 27 = 3*k, 4*i - 2*k + 85 = -13. Let c(v) = -v**2 + 4*v. Let f be c(6). Let q = f - i. List the prime factors of q.
2, 3
What are the prime factors of 141/6 - 1/(-2)?
2, 3
Let k be (2/2)/(2/8). What are the prime factors of ((-29)/(-2))/(2/k)?
29
Suppose -t - 5*x = t, -4 = 2*x. Suppose -4*n - 4*u - 86 = -9*n, t*n + 5*u - 95 = 0. List the prime factors of n.
2, 3
Let f be -3 - -5 - 1/(-1). Let d be 71/4 - f/(-12). Suppose -i = -j - d, 0 = j + j. What are the prime factors of i?
2, 3
Suppose 0 = 2*v + 4, -5*v + 170 = -3*k - 2*k. Let l = k - -59. Suppose 3*h - l = 2*o - 4*o, 3*o = -3*h + 27. List the prime factors of h.
5
Suppose -2*f - f = 36. Let l be f/(-15)*(-1 - -6). Suppose -l*p + 6 = -y, 0 = -2*y + 2*p + 2*p. List the prime factors of y.
2, 3
Let s = 15 - 7. List the prime factors of (-6 + s)/(4/6).
3
Let b = -3 - -2. Let x(p) = 3*p**2 - p - 1. Let s be x(b). Suppose -3*c + s*l = 5 - 20, c = -5*l - 1. What are the prime factors of c?
2
Let n(j) = j**3 + 8*j**2 + 5*j. Suppose -2*o - 12 = 2. Let u be n(o). Suppose 3*b = b - 5*z + u, -4 = 3*b - 5*z. What are the prime factors of b?
2
Suppose 313 = 2*o + 3*f, -4*o = -6*o + 4*f + 292. What are the prime factors of o?
2, 19
Suppose -u + 73 = 5*a, 0 = -2*a - 2*u - 3*u + 43. Suppose -a = -l - 3*d, 0*l + 32 = 2*l + 2*d. What are the prime factors of l?
17
Let k(d) = d**2 + 11*d + 12. What are the prime factors of k(-16)?
2, 23
Let c(d) = d**2 - d - 3. Let o(p) = p**2 - 2*p - 4. Let y(q) = 4*c(q) - 5*o(q). Let i be y(6). Let k = i + -1. What are the prime factors of k?
7
Let b(k) = -37*k + 10. What are the prime factors of b(-2)?
2, 3, 7
Let t be 18/12*94/(-3). Let r = 86 + t. List the prime factors of r.
3, 13
Suppose -4*m + 125 - 41 = 0. Let p = m + -7. List the prime factors of p.
2, 7
Suppose -2*t - 19 = -79. Suppose -5*q = -4*v - 53 - t, 4*q - 64 = 4*v. List the prime factors of q.
19
Suppose 5*m + 5*a + 32 - 12 = 0, 2*m - 2*a = 4. Suppose 5*w = -p + 35 - 12, -3*p - 2*w = -82. What are the prime factors of (24/p)/(m/(-14))?
2, 3
Suppose -2*t + 3*r + 21 = 0, -3*t + 2*r + r + 24 = 0. What are the prime factors of (t - (5 - 1))*-3?
3
What are the prime factors of (5595/(-12))/(-5) + 1/(-4)?
3, 31
Let m be (-1)/3 + 10/3. Suppose d = m*d. Suppose 0 = z - 4*z - 4*k + 1, -k - 2 = d. What are the prime factors of z?
3
Let x be (-2)/(-2) - 4/(-2). Let y(t) = t**3 - 3*t**2 + 2*t + 3. Let n be y(x). What are the prime factors of (n/(-6))/((-6)/28)?
7
Let k = 243 + -95. List the prime factors of k.
2, 37
Let j(k) = 1 - 3*k**2 - 5*k**3 - 3 + 4*k**3 - 3*k. Let w be j(-2). Suppose w = 3*l + 2*l - 35. List the prime factors of l.
7
List the prime factors of 2*(-3)/36 - 631/(-6).
3, 5, 7
Let f(v) = 10 + 8*v + 0*v - 15*v**2 + 14*v**2. Let l be 76/10 + (-2)/(-5). List the prime factors of f(l).
2, 5
Let c(y) = y + 20. Suppose -3*w - 3 = -3*p, 0*p - 4*p - 3*w = 3. What are the prime factors of c(p)?
2, 5
Let l be (-1 + 1)/(-2 + 1). Suppose l = -3*s + 6, -8 = t - 3*s. List the prime factors of (t + -2)/(1 - 3).
2
What are the prime factors of 1/(-5) + (-264)/(-20)?
13
Let f(w) = w + 4. Suppose -6 = 3*d, 5*z - 3*d - 2*d = 45. List the prime factors of f(z).
11
Let m(y) = -2*y**3 + 18*y**2 + 6*y + 3. List the prime factors of m(9).
3, 19
Let n be (-14)/(-4) - 3/6. Let h = 2 + n. Let m = 2 + h. List the prime factors of m.
7
Let s(y) = y**2 + 9*y - 8. Suppose 3*z + 3*i + 45 = 0, 2*z - z + 4*i + 30 = 0. What are the prime factors of s(z)?
2
Let r = 98 + -70. Suppose 4*d - r = -16. What are the prime factors of d?
3
Let y = 30 + -27. What are the prime factors of y?
3
Let z(t) = t**2 + 5*t - 1. Let y be z(-5). Let b(o) = -12*o + 10*o - 3 + 4. What are the prime factors of b(y)?
3
Suppose 3*c - 11 - 205 = 0. List the prime factors of c.
2, 3
Let i(r) = -r**3 + r**2 + 3*r - 1. Let u be i(2). List the prime factors of 22 + 0 - (u - 1).
2, 11
Let s(u) be the second derivative of u**4/6 - 2*u**3/3 + u**2 - 2*u. Suppose -2*q + 0*q = -4. What are the prime factors of s(q)?
2
Let z = -28 + 54. What are the prime factors of z?
2, 13
Suppose b - 4*d = 1, -5*b = 2*d + 2*d - 125. List the prime factors of b.
3, 7
What are the prime factors of (-1 - (0 + -14))*1?
13
Let a(v) = 10*v**3 - v. Suppose -4 = -0*i - 4*i. What are the prime factors of a(i)?
3
Let c = -366 - -513. List the prime factors of c.
3, 7
Suppose -4*y + 3 = k, 0 = 3*k - 2*k - 5*y + 6. Let c = 6 + k. What are the prime factors of c?
5
Let j = -173 - -318. What are the prime factors of j?
5, 29
Suppose 3*c = c + 2*z, 0 = -3*c - 5*z. Let l = c - -11. Let r = l - 7. List the prime factors of r.
2
Suppose -2*d = d - 36. Let m = -8 + d. Suppose -3 + 15 = m*i. List the prime factors of i.
3
Suppose 11*c + 342 = 14*c. List the prime factors of c.
2, 3, 19
Suppose -2*p = 5*d, -4*d + 2 = 2*p - 0*d. Suppose -19 = -3*a - 5*j, -2*j - 15 = -p*a + 58. List the prime factors of a.
13
Let t(m) = 7*m**2 + 12*m - 11. What are the prime factors of t(-6)?
13
Let i = 15 - 10. Let d = i - -1. What are the prime factors of d?
2, 3
Let j = 9 + -6. Suppose j*o = -2*z, 2*o - 13 - 9 = -5*z. List the prime factors of (1 + z/(-3))*-5.
5
Let f(p) = p**2 + 4*p - 2. Let l be f(-6). Let h be 1/(1/(3 - 2)). Let v = 